{"id":72,"date":"2018-01-21T16:05:10","date_gmt":"2018-01-21T16:05:10","guid":{"rendered":"http:\/\/www.hallotischler.berlin\/?page_id=72"},"modified":"2018-01-21T18:50:29","modified_gmt":"2018-01-21T18:50:29","slug":"was-wir-bieten","status":"publish","type":"page","link":"https:\/\/www.hallotischler.berlin\/","title":{"rendered":"Was wir bieten"},"content":{"rendered":"<ul>\n<li>einen attraktiven Arbeitsplatz: Wer gern im Kundendienst arbeitet und jeden Tag neue Menschen kennen lernen m\u00f6chte ist bei uns genau richtig<\/li>\n<li>Einen sicheren Arbeitsplatz: Es wurde seit Firmengr\u00fcndung niemals wegen schlechter Auftragslage gek\u00fcndigt.<\/li>\n<li>unbefristeter Arbeitsvertrag<\/li>\n<li>P\u00fcnktliche Bezahlung: Leider ist das nicht mehr selbstverst\u00e4ndlich &#8211; bei uns schon!<\/li>\n<li>Komplettes Werkzeug: Wir legen sehr gro\u00dfen Wert auf gute Arbeit &#8211; das geht nur mit guter Ausstattung vor Ort.<\/li>\n<li>faire Bezahlung: jeder soll gut behandelt werden, das gilt nat\u00fcrlich auch mit der Bezahlung<\/li>\n<li>\u00fcberdurchschnittlich viel Freizeit: \u00dcberstunden sind eher die Ausnahme, an Wochenenden arbeiten wir nur in absoluten Ausnahmen<\/li>\n<li>24 Tage Urlaub<\/li>\n<\/ul>\n","protected":false},"excerpt":{"rendered":"<p>einen attraktiven Arbeitsplatz: Wer gern im Kundendienst arbeitet und jeden Tag neue Menschen kennen lernen m\u00f6chte ist bei uns genau richtig Einen sicheren Arbeitsplatz: Es wurde seit Firmengr\u00fcndung niemals wegen schlechter Auftragslage gek\u00fcndigt. unbefristeter Arbeitsvertrag P\u00fcnktliche Bezahlung: Leider ist das nicht mehr selbstverst\u00e4ndlich &#8211; bei uns schon! Komplettes Werkzeug: Wir legen sehr gro\u00dfen Wert auf &hellip; <\/p>\n<p class=\"link-more\"><a href=\"https:\/\/www.hallotischler.berlin\/\" class=\"more-link\"><span class=\"screen-reader-text\">\u201eWas wir bieten\u201c <\/span>weiterlesen<\/a><\/p>\n","protected":false},"author":1,"featured_media":0,"parent":0,"menu_order":0,"comment_status":"closed","ping_status":"closed","template":"","meta":{"footnotes":""},"class_list":["post-72","page","type-page","status-publish","hentry"],"_links":{"self":[{"href":"https:\/\/www.hallotischler.berlin\/index.php?rest_route=\/wp\/v2\/pages\/72","targetHints":{"allow":["GET"]}}],"collection":[{"href":"https:\/\/www.hallotischler.berlin\/index.php?rest_route=\/wp\/v2\/pages"}],"about":[{"href":"https:\/\/www.hallotischler.berlin\/index.php?rest_route=\/wp\/v2\/types\/page"}],"author":[{"embeddable":true,"href":"https:\/\/www.hallotischler.berlin\/index.php?rest_route=\/wp\/v2\/users\/1"}],"replies":[{"embeddable":true,"href":"https:\/\/www.hallotischler.berlin\/index.php?rest_route=%2Fwp%2Fv2%2Fcomments&post=72"}],"version-history":[{"count":6,"href":"https:\/\/www.hallotischler.berlin\/index.php?rest_route=\/wp\/v2\/pages\/72\/revisions"}],"predecessor-version":[{"id":98,"href":"https:\/\/www.hallotischler.berlin\/index.php?rest_route=\/wp\/v2\/pages\/72\/revisions\/98"}],"wp:attachment":[{"href":"https:\/\/www.hallotischler.berlin\/index.php?rest_route=%2Fwp%2Fv2%2Fmedia&parent=72"}],"curies":[{"name":"wp","href":"https:\/\/api.w.org\/{rel}","templated":true}]}}